{"id":39,"date":"2025-11-29T02:45:13","date_gmt":"2025-11-29T02:45:13","guid":{"rendered":"https:\/\/nataliegk.com\/?page_id=39"},"modified":"2025-11-29T16:01:13","modified_gmt":"2025-11-29T16:01:13","slug":"home","status":"publish","type":"page","link":"https:\/\/nataliegk.com\/","title":{"rendered":"Home"},"content":{"rendered":"\n<div class=\"wp-block-group alignfull is-style-section-4 has-custom-black-background-color has-background has-global-padding is-layout-constrained wp-block-group-is-layout-constrained is-style-section-4--1\" style=\"min-height:100vh;margin-top:0;margin-bottom:0\">\n<div class=\"wp-block-columns alignfull is-layout-flex wp-container-core-columns-is-layout-28f84493 wp-block-columns-is-layout-flex\">\n<div class=\"wp-block-column is-vertically-aligned-center is-layout-flow wp-block-column-is-layout-flow\">\n<div class=\"wp-block-group has-base-color has-text-color has-link-color wp-elements-36b77fc4081fd24b63448a75548ed1e1 is-layout-flow wp-block-group-is-layout-flow\" style=\"padding-top:var(--wp--preset--spacing--50);padding-right:var(--wp--preset--spacing--50);padding-bottom:var(--wp--preset--spacing--50);padding-left:var(--wp--preset--spacing--50)\">\n<h1 class=\"wp-block-heading\" style=\"font-size:clamp(2.795rem, 2.795rem + ((1vw - 0.2rem) * 3.256), 5.4rem);\">Dise\u00f1adora UX\/UI<\/h1>\n\n\n\n<p style=\"font-size:clamp(0.984rem, 0.984rem + ((1vw - 0.2rem) * 0.645), 1.5rem);\">Cada interacci\u00f3n que existe en el mundo causa un impacto en las personas. Ese impacto puede ser moment\u00e1neo y olvidarse en un cuesti\u00f3n de segundos, o puede ser duradero y permanecer en la memoria de las personas. <\/p>\n\n\n\n<p style=\"font-size:clamp(0.984rem, 0.984rem + ((1vw - 0.2rem) * 0.645), 1.5rem);\">Mi pasi\u00f3n es asegurarme de que las interacciones de los usuarios sean duraderas y positivas.<\/p>\n\n\n\n<div class=\"wp-block-group is-nowrap is-layout-flex wp-container-core-group-is-layout-f1189ed3 wp-block-group-is-layout-flex\">\n<p><a href=\"#\">Behance<\/a><\/p>\n\n\n\n<p><a href=\"#\">Contacto<\/a><\/p>\n<\/div>\n<\/div>\n<\/div>\n\n\n\n<div class=\"wp-block-column is-layout-flow wp-block-column-is-layout-flow\">\n<div class=\"wp-block-cover is-light\" style=\"min-height:100vh;aspect-ratio:unset;\"><img loading=\"lazy\" decoding=\"async\" width=\"1306\" height=\"1498\" class=\"wp-block-cover__image-background wp-image-126 size-full\" alt=\"\" src=\"https:\/\/nataliegk.com\/wp-content\/uploads\/2025\/11\/proyecto-04-02.jpg\" data-object-fit=\"cover\" srcset=\"https:\/\/nataliegk.com\/wp-content\/uploads\/2025\/11\/proyecto-04-02.jpg 1306w, https:\/\/nataliegk.com\/wp-content\/uploads\/2025\/11\/proyecto-04-02-262x300.jpg 262w, https:\/\/nataliegk.com\/wp-content\/uploads\/2025\/11\/proyecto-04-02-893x1024.jpg 893w, https:\/\/nataliegk.com\/wp-content\/uploads\/2025\/11\/proyecto-04-02-768x881.jpg 768w\" sizes=\"auto, (max-width: 1306px) 100vw, 1306px\" \/><span aria-hidden=\"true\" class=\"wp-block-cover__background has-background-dim-0 has-background-dim\" style=\"background-color:#6b6b6b\"><\/span><div class=\"wp-block-cover__inner-container is-layout-flow wp-block-cover-is-layout-flow\">\n<div style=\"height:var(--wp--preset--spacing--20)\" aria-hidden=\"true\" class=\"wp-block-spacer\"><\/div>\n<\/div><\/div>\n<\/div>\n<\/div>\n<\/div>\n\n\n\n<div class=\"wp-block-group alignfull has-global-padding is-layout-constrained wp-block-group-is-layout-constrained\" style=\"margin-top:0;margin-bottom:0\">\n<div class=\"wp-block-columns alignfull is-layout-flex wp-container-core-columns-is-layout-ab9b78cd wp-block-columns-is-layout-flex\" style=\"padding-top:var(--wp--preset--spacing--40);padding-right:var(--wp--preset--spacing--40);padding-bottom:var(--wp--preset--spacing--40);padding-left:0\">\n<div class=\"wp-block-column is-layout-flow wp-block-column-is-layout-flow\" style=\"flex-basis:55%\">\n<div style=\"aspect-ratio:1;min-height:unset;\" class=\"wp-block-cover is-light has-aspect-ratio\"><img loading=\"lazy\" decoding=\"async\" width=\"1306\" height=\"1498\" class=\"wp-block-cover__image-background wp-image-123 size-full\" alt=\"\" src=\"https:\/\/nataliegk.com\/wp-content\/uploads\/2025\/11\/proyecto-01-05.jpg\" data-object-fit=\"cover\" srcset=\"https:\/\/nataliegk.com\/wp-content\/uploads\/2025\/11\/proyecto-01-05.jpg 1306w, https:\/\/nataliegk.com\/wp-content\/uploads\/2025\/11\/proyecto-01-05-262x300.jpg 262w, https:\/\/nataliegk.com\/wp-content\/uploads\/2025\/11\/proyecto-01-05-893x1024.jpg 893w, https:\/\/nataliegk.com\/wp-content\/uploads\/2025\/11\/proyecto-01-05-768x881.jpg 768w\" sizes=\"auto, (max-width: 1306px) 100vw, 1306px\" \/><span aria-hidden=\"true\" class=\"wp-block-cover__background has-background-dim-0 has-background-dim\" style=\"background-color:#e8e8e8\"><\/span><div class=\"wp-block-cover__inner-container is-layout-flow wp-block-cover-is-layout-flow\">\n<div style=\"height:var(--wp--preset--spacing--20)\" aria-hidden=\"true\" class=\"wp-block-spacer\"><\/div>\n<\/div><\/div>\n<\/div>\n\n\n\n<div class=\"wp-block-column is-vertically-aligned-center is-layout-flow wp-block-column-is-layout-flow\" style=\"padding-top:var(--wp--preset--spacing--60);padding-right:var(--wp--preset--spacing--60);padding-bottom:var(--wp--preset--spacing--60);padding-left:var(--wp--preset--spacing--60)\">\n<h2 class=\"wp-block-heading has-xx-large-font-size\">Sobre mi<\/h2>\n\n\n\n<p class=\"has-x-large-font-size\">Soy una dise\u00f1adora UX\/UI con base en Guatemala. Egresada de la Universidad Rafael Land\u00edvar y trabajando desde 2016 en el campo de UX\/UI. <\/p>\n\n\n\n<div class=\"wp-block-buttons is-layout-flex wp-block-buttons-is-layout-flex\">\n<div class=\"wp-block-button has-custom-width wp-block-button__width-75 is-style-outline is-style-outline--2\"><a class=\"wp-block-button__link wp-element-button\" href=\"https:\/\/nataliegk.com\/index.php\/sobre-mi\/\" style=\"padding-top:var(--wp--preset--spacing--20);padding-bottom:var(--wp--preset--spacing--20)\">m\u00e1s sobre mi<\/a><\/div>\n<\/div>\n<\/div>\n<\/div>\n<\/div>\n\n\n\n<div class=\"wp-block-group alignfull has-global-padding is-layout-constrained wp-container-core-group-is-layout-a91fcb99 wp-block-group-is-layout-constrained\" style=\"margin-top:0;margin-bottom:0;padding-top:var(--wp--preset--spacing--60);padding-bottom:var(--wp--preset--spacing--60);padding-left:0\">\n<div class=\"wp-block-columns alignwide is-layout-flex wp-container-core-columns-is-layout-28f84493 wp-block-columns-is-layout-flex\">\n<div class=\"wp-block-column is-layout-flow wp-block-column-is-layout-flow\">\n<h2 class=\"wp-block-heading\">Mi campo de expertis es el dise\u00f1o UX\/UI, sin embargo tambi\u00e9n sobresalgo en el campo de Dise\u00f1o Gr\u00e1fico y del Arte visual.<\/h2>\n\n\n\n<p class=\"has-x-large-font-size\">Ingresa a mi portafolio para ver alg\u00fanos mis proyectos.<br><\/p>\n\n\n\n<div class=\"wp-block-buttons is-layout-flex wp-block-buttons-is-layout-flex\">\n<div class=\"wp-block-button is-style-outline is-style-outline--3\"><a class=\"wp-block-button__link wp-element-button\" href=\"https:\/\/nataliegk.com\/index.php\/portafolio\/\" style=\"padding-top:var(--wp--preset--spacing--20);padding-bottom:var(--wp--preset--spacing--20)\">Ver mi portafolio<\/a><\/div>\n<\/div>\n<\/div>\n\n\n\n<div class=\"wp-block-column is-layout-flow wp-block-column-is-layout-flow\">\n<div class=\"wp-block-group is-layout-grid wp-container-core-group-is-layout-b757edec wp-block-group-is-layout-grid\">\n<figure class=\"wp-block-image size-full\"><img loading=\"lazy\" decoding=\"async\" width=\"1306\" height=\"1498\" src=\"https:\/\/nataliegk.com\/wp-content\/uploads\/2025\/11\/proyecto-04-01.jpg\" alt=\"\" class=\"wp-image-125\" style=\"aspect-ratio:1;object-fit:cover\" srcset=\"https:\/\/nataliegk.com\/wp-content\/uploads\/2025\/11\/proyecto-04-01.jpg 1306w, https:\/\/nataliegk.com\/wp-content\/uploads\/2025\/11\/proyecto-04-01-262x300.jpg 262w, https:\/\/nataliegk.com\/wp-content\/uploads\/2025\/11\/proyecto-04-01-893x1024.jpg 893w, https:\/\/nataliegk.com\/wp-content\/uploads\/2025\/11\/proyecto-04-01-768x881.jpg 768w\" sizes=\"auto, (max-width: 1306px) 100vw, 1306px\" \/><\/figure>\n\n\n\n<figure class=\"wp-block-image size-full\"><img loading=\"lazy\" decoding=\"async\" width=\"1306\" height=\"1498\" src=\"https:\/\/nataliegk.com\/wp-content\/uploads\/2025\/11\/proyecto-01-05.jpg\" alt=\"\" class=\"wp-image-123\" style=\"aspect-ratio:1;object-fit:cover\" srcset=\"https:\/\/nataliegk.com\/wp-content\/uploads\/2025\/11\/proyecto-01-05.jpg 1306w, https:\/\/nataliegk.com\/wp-content\/uploads\/2025\/11\/proyecto-01-05-262x300.jpg 262w, https:\/\/nataliegk.com\/wp-content\/uploads\/2025\/11\/proyecto-01-05-893x1024.jpg 893w, https:\/\/nataliegk.com\/wp-content\/uploads\/2025\/11\/proyecto-01-05-768x881.jpg 768w\" sizes=\"auto, (max-width: 1306px) 100vw, 1306px\" \/><\/figure>\n\n\n\n<figure class=\"wp-block-image size-full\"><img loading=\"lazy\" decoding=\"async\" width=\"1306\" height=\"1498\" src=\"https:\/\/nataliegk.com\/wp-content\/uploads\/2025\/11\/proyecto-06-01.jpg\" alt=\"\" class=\"wp-image-158\" style=\"aspect-ratio:1;object-fit:cover\" srcset=\"https:\/\/nataliegk.com\/wp-content\/uploads\/2025\/11\/proyecto-06-01.jpg 1306w, https:\/\/nataliegk.com\/wp-content\/uploads\/2025\/11\/proyecto-06-01-262x300.jpg 262w, https:\/\/nataliegk.com\/wp-content\/uploads\/2025\/11\/proyecto-06-01-893x1024.jpg 893w, https:\/\/nataliegk.com\/wp-content\/uploads\/2025\/11\/proyecto-06-01-768x881.jpg 768w\" sizes=\"auto, (max-width: 1306px) 100vw, 1306px\" \/><\/figure>\n\n\n\n<figure class=\"wp-block-image size-full\"><img loading=\"lazy\" decoding=\"async\" width=\"1306\" height=\"1498\" src=\"https:\/\/nataliegk.com\/wp-content\/uploads\/2025\/11\/proyecto-02-05.jpg\" alt=\"\" class=\"wp-image-153\" style=\"aspect-ratio:1;object-fit:cover\" srcset=\"https:\/\/nataliegk.com\/wp-content\/uploads\/2025\/11\/proyecto-02-05.jpg 1306w, https:\/\/nataliegk.com\/wp-content\/uploads\/2025\/11\/proyecto-02-05-262x300.jpg 262w, https:\/\/nataliegk.com\/wp-content\/uploads\/2025\/11\/proyecto-02-05-893x1024.jpg 893w, https:\/\/nataliegk.com\/wp-content\/uploads\/2025\/11\/proyecto-02-05-768x881.jpg 768w\" sizes=\"auto, (max-width: 1306px) 100vw, 1306px\" \/><\/figure>\n<\/div>\n<\/div>\n<\/div>\n<\/div>\n\n\n\n<div class=\"wp-block-group alignfull has-global-padding is-content-justification-right is-layout-constrained wp-container-core-group-is-layout-5c39785d wp-block-group-is-layout-constrained\" id=\"contacto\" style=\"margin-top:0;margin-bottom:0;padding-top:var(--wp--preset--spacing--50);padding-bottom:var(--wp--preset--spacing--50);padding-left:var(--wp--preset--spacing--30)\">\n<div class=\"wp-block-group alignwide has-global-padding is-layout-constrained wp-container-core-group-is-layout-19e250f3 wp-block-group-is-layout-constrained\">\n<h2 class=\"wp-block-heading alignfull has-text-align-left has-xx-large-font-size\">Contacto<\/h2>\n\n\n\n<div class=\"wp-block-group alignwide is-nowrap is-layout-flex wp-container-core-group-is-layout-cb1eacd0 wp-block-group-is-layout-flex\" style=\"border-top-color:var(--wp--preset--color--accent-4);border-top-width:1px;margin-top:var(--wp--preset--spacing--30);padding-top:var(--wp--preset--spacing--30);padding-right:var(--wp--preset--spacing--70);padding-bottom:var(--wp--preset--spacing--30)\">\n<div class=\"wp-block-group wp-container-content-f67f277b is-vertical is-layout-flex wp-container-core-group-is-layout-662c4487 wp-block-group-is-layout-flex\">\n<h3 class=\"wp-block-heading has-medium-font-size\" style=\"font-style:normal;font-weight:700\">Correo<\/h3>\n\n\n\n<p class=\"has-medium-font-size\">nataliekort95@gmail.com<\/p>\n<\/div>\n\n\n\n<div class=\"wp-block-group wp-container-content-f67f277b is-vertical is-layout-flex wp-container-core-group-is-layout-662c4487 wp-block-group-is-layout-flex\">\n<h3 class=\"wp-block-heading has-medium-font-size\" style=\"font-style:normal;font-weight:700\">Tel\u00e9fono<\/h3>\n\n\n\n<p class=\"has-medium-font-size\">+502 4150-5962<\/p>\n<\/div>\n\n\n\n<div class=\"wp-block-group wp-container-content-f67f277b is-vertical is-layout-flex wp-container-core-group-is-layout-662c4487 wp-block-group-is-layout-flex\">\n<h3 class=\"wp-block-heading has-medium-font-size\" style=\"font-style:normal;font-weight:700\">Behance<\/h3>\n\n\n\n<p class=\"has-medium-font-size\"><a href=\"https:\/\/www.behance.net\/nataliegk\" data-type=\"link\" data-id=\"https:\/\/www.behance.net\/nataliegk\" target=\"_blank\" rel=\"noreferrer noopener\">\/nataliegk<\/a><\/p>\n<\/div>\n\n\n\n<div class=\"wp-block-group wp-container-content-f67f277b is-vertical is-layout-flex wp-container-core-group-is-layout-662c4487 wp-block-group-is-layout-flex\">\n<h3 class=\"wp-block-heading has-medium-font-size\" style=\"font-style:normal;font-weight:700\">Linkedin<\/h3>\n\n\n\n<p class=\"has-medium-font-size\"><a href=\"https:\/\/gt.linkedin.com\/in\/natalie-garita-kortscheff-15205a259\" data-type=\"link\" data-id=\"https:\/\/gt.linkedin.com\/in\/natalie-garita-kortscheff-15205a259\" target=\"_blank\" rel=\"noreferrer noopener\">Natalie Garita Kortscheff<\/a><\/p>\n<\/div>\n<\/div>\n<\/div>\n<\/div>\n","protected":false},"excerpt":{"rendered":"<p>Dise\u00f1adora UX\/UI Cada interacci\u00f3n que existe en el mundo causa un impacto en las personas. Ese impacto puede ser moment\u00e1neo y olvidarse en un cuesti\u00f3n de segundos, o puede ser duradero y permanecer en la memoria de las personas. Mi pasi\u00f3n es asegurarme de que las interacciones de los usuarios sean duraderas y positivas. Behance [&hellip;]<\/p>\n","protected":false},"author":1,"featured_media":0,"parent":0,"menu_order":0,"comment_status":"closed","ping_status":"closed","template":"","meta":{"footnotes":""},"class_list":["post-39","page","type-page","status-publish","hentry"],"yoast_head":"<!-- This site is optimized with the Yoast SEO plugin v27.4 - https:\/\/yoast.com\/product\/yoast-seo-wordpress\/ -->\n<title>Home - Natalie Garita Kortscheff<\/title>\n<meta name=\"robots\" content=\"index, follow, max-snippet:-1, max-image-preview:large, max-video-preview:-1\" \/>\n<link rel=\"canonical\" href=\"https:\/\/nataliegk.com\/\" \/>\n<meta property=\"og:locale\" content=\"en_US\" \/>\n<meta property=\"og:type\" content=\"article\" \/>\n<meta property=\"og:title\" content=\"Home - Natalie Garita Kortscheff\" \/>\n<meta property=\"og:description\" content=\"Dise\u00f1adora UX\/UI Cada interacci\u00f3n que existe en el mundo causa un impacto en las personas. Ese impacto puede ser moment\u00e1neo y olvidarse en un cuesti\u00f3n de segundos, o puede ser duradero y permanecer en la memoria de las personas. Mi pasi\u00f3n es asegurarme de que las interacciones de los usuarios sean duraderas y positivas. Behance [&hellip;]\" \/>\n<meta property=\"og:url\" content=\"https:\/\/nataliegk.com\/\" \/>\n<meta property=\"og:site_name\" content=\"Natalie Garita Kortscheff\" \/>\n<meta property=\"article:modified_time\" content=\"2025-11-29T16:01:13+00:00\" \/>\n<meta property=\"og:image\" content=\"https:\/\/nataliegk.com\/wp-content\/uploads\/2025\/11\/proyecto-04-02.jpg\" \/>\n\t<meta property=\"og:image:width\" content=\"1306\" \/>\n\t<meta property=\"og:image:height\" content=\"1498\" \/>\n\t<meta property=\"og:image:type\" content=\"image\/jpeg\" \/>\n<meta name=\"twitter:card\" content=\"summary_large_image\" \/>\n<meta name=\"twitter:label1\" content=\"Est. reading time\" \/>\n\t<meta name=\"twitter:data1\" content=\"2 minutes\" \/>\n<script type=\"application\/ld+json\" class=\"yoast-schema-graph\">{\"@context\":\"https:\\\/\\\/schema.org\",\"@graph\":[{\"@type\":\"WebPage\",\"@id\":\"https:\\\/\\\/nataliegk.com\\\/\",\"url\":\"https:\\\/\\\/nataliegk.com\\\/\",\"name\":\"Home - Natalie Garita Kortscheff\",\"isPartOf\":{\"@id\":\"https:\\\/\\\/nataliegk.com\\\/#website\"},\"primaryImageOfPage\":{\"@id\":\"https:\\\/\\\/nataliegk.com\\\/#primaryimage\"},\"image\":{\"@id\":\"https:\\\/\\\/nataliegk.com\\\/#primaryimage\"},\"thumbnailUrl\":\"https:\\\/\\\/nataliegk.com\\\/wp-content\\\/uploads\\\/2025\\\/11\\\/proyecto-04-02.jpg\",\"datePublished\":\"2025-11-29T02:45:13+00:00\",\"dateModified\":\"2025-11-29T16:01:13+00:00\",\"breadcrumb\":{\"@id\":\"https:\\\/\\\/nataliegk.com\\\/#breadcrumb\"},\"inLanguage\":\"en-US\",\"potentialAction\":[{\"@type\":\"ReadAction\",\"target\":[\"https:\\\/\\\/nataliegk.com\\\/\"]}]},{\"@type\":\"ImageObject\",\"inLanguage\":\"en-US\",\"@id\":\"https:\\\/\\\/nataliegk.com\\\/#primaryimage\",\"url\":\"https:\\\/\\\/nataliegk.com\\\/wp-content\\\/uploads\\\/2025\\\/11\\\/proyecto-04-02.jpg\",\"contentUrl\":\"https:\\\/\\\/nataliegk.com\\\/wp-content\\\/uploads\\\/2025\\\/11\\\/proyecto-04-02.jpg\",\"width\":1306,\"height\":1498},{\"@type\":\"BreadcrumbList\",\"@id\":\"https:\\\/\\\/nataliegk.com\\\/#breadcrumb\",\"itemListElement\":[{\"@type\":\"ListItem\",\"position\":1,\"name\":\"Home\",\"item\":\"https:\\\/\\\/nataliegk.com\\\/\"},{\"@type\":\"ListItem\",\"position\":2,\"name\":\"Home\"}]},{\"@type\":\"WebSite\",\"@id\":\"https:\\\/\\\/nataliegk.com\\\/#website\",\"url\":\"https:\\\/\\\/nataliegk.com\\\/\",\"name\":\"Natalie Garita Kortscheff\",\"description\":\"Dise\u00f1adora UX\\\/UI\",\"publisher\":{\"@id\":\"https:\\\/\\\/nataliegk.com\\\/#organization\"},\"potentialAction\":[{\"@type\":\"SearchAction\",\"target\":{\"@type\":\"EntryPoint\",\"urlTemplate\":\"https:\\\/\\\/nataliegk.com\\\/?s={search_term_string}\"},\"query-input\":{\"@type\":\"PropertyValueSpecification\",\"valueRequired\":true,\"valueName\":\"search_term_string\"}}],\"inLanguage\":\"en-US\"},{\"@type\":\"Organization\",\"@id\":\"https:\\\/\\\/nataliegk.com\\\/#organization\",\"name\":\"Natalie Garita Kortscheff\",\"url\":\"https:\\\/\\\/nataliegk.com\\\/\",\"logo\":{\"@type\":\"ImageObject\",\"inLanguage\":\"en-US\",\"@id\":\"https:\\\/\\\/nataliegk.com\\\/#\\\/schema\\\/logo\\\/image\\\/\",\"url\":\"https:\\\/\\\/nataliegk.com\\\/wp-content\\\/uploads\\\/2025\\\/11\\\/Isotipo-NatalieGK-b.png\",\"contentUrl\":\"https:\\\/\\\/nataliegk.com\\\/wp-content\\\/uploads\\\/2025\\\/11\\\/Isotipo-NatalieGK-b.png\",\"width\":146,\"height\":106,\"caption\":\"Natalie Garita Kortscheff\"},\"image\":{\"@id\":\"https:\\\/\\\/nataliegk.com\\\/#\\\/schema\\\/logo\\\/image\\\/\"}}]}<\/script>\n<!-- \/ Yoast SEO plugin. -->","yoast_head_json":{"title":"Home - Natalie Garita Kortscheff","robots":{"index":"index","follow":"follow","max-snippet":"max-snippet:-1","max-image-preview":"max-image-preview:large","max-video-preview":"max-video-preview:-1"},"canonical":"https:\/\/nataliegk.com\/","og_locale":"en_US","og_type":"article","og_title":"Home - Natalie Garita Kortscheff","og_description":"Dise\u00f1adora UX\/UI Cada interacci\u00f3n que existe en el mundo causa un impacto en las personas. Ese impacto puede ser moment\u00e1neo y olvidarse en un cuesti\u00f3n de segundos, o puede ser duradero y permanecer en la memoria de las personas. Mi pasi\u00f3n es asegurarme de que las interacciones de los usuarios sean duraderas y positivas. Behance [&hellip;]","og_url":"https:\/\/nataliegk.com\/","og_site_name":"Natalie Garita Kortscheff","article_modified_time":"2025-11-29T16:01:13+00:00","og_image":[{"width":1306,"height":1498,"url":"https:\/\/nataliegk.com\/wp-content\/uploads\/2025\/11\/proyecto-04-02.jpg","type":"image\/jpeg"}],"twitter_card":"summary_large_image","twitter_misc":{"Est. reading time":"2 minutes"},"schema":{"@context":"https:\/\/schema.org","@graph":[{"@type":"WebPage","@id":"https:\/\/nataliegk.com\/","url":"https:\/\/nataliegk.com\/","name":"Home - Natalie Garita Kortscheff","isPartOf":{"@id":"https:\/\/nataliegk.com\/#website"},"primaryImageOfPage":{"@id":"https:\/\/nataliegk.com\/#primaryimage"},"image":{"@id":"https:\/\/nataliegk.com\/#primaryimage"},"thumbnailUrl":"https:\/\/nataliegk.com\/wp-content\/uploads\/2025\/11\/proyecto-04-02.jpg","datePublished":"2025-11-29T02:45:13+00:00","dateModified":"2025-11-29T16:01:13+00:00","breadcrumb":{"@id":"https:\/\/nataliegk.com\/#breadcrumb"},"inLanguage":"en-US","potentialAction":[{"@type":"ReadAction","target":["https:\/\/nataliegk.com\/"]}]},{"@type":"ImageObject","inLanguage":"en-US","@id":"https:\/\/nataliegk.com\/#primaryimage","url":"https:\/\/nataliegk.com\/wp-content\/uploads\/2025\/11\/proyecto-04-02.jpg","contentUrl":"https:\/\/nataliegk.com\/wp-content\/uploads\/2025\/11\/proyecto-04-02.jpg","width":1306,"height":1498},{"@type":"BreadcrumbList","@id":"https:\/\/nataliegk.com\/#breadcrumb","itemListElement":[{"@type":"ListItem","position":1,"name":"Home","item":"https:\/\/nataliegk.com\/"},{"@type":"ListItem","position":2,"name":"Home"}]},{"@type":"WebSite","@id":"https:\/\/nataliegk.com\/#website","url":"https:\/\/nataliegk.com\/","name":"Natalie Garita Kortscheff","description":"Dise\u00f1adora UX\/UI","publisher":{"@id":"https:\/\/nataliegk.com\/#organization"},"potentialAction":[{"@type":"SearchAction","target":{"@type":"EntryPoint","urlTemplate":"https:\/\/nataliegk.com\/?s={search_term_string}"},"query-input":{"@type":"PropertyValueSpecification","valueRequired":true,"valueName":"search_term_string"}}],"inLanguage":"en-US"},{"@type":"Organization","@id":"https:\/\/nataliegk.com\/#organization","name":"Natalie Garita Kortscheff","url":"https:\/\/nataliegk.com\/","logo":{"@type":"ImageObject","inLanguage":"en-US","@id":"https:\/\/nataliegk.com\/#\/schema\/logo\/image\/","url":"https:\/\/nataliegk.com\/wp-content\/uploads\/2025\/11\/Isotipo-NatalieGK-b.png","contentUrl":"https:\/\/nataliegk.com\/wp-content\/uploads\/2025\/11\/Isotipo-NatalieGK-b.png","width":146,"height":106,"caption":"Natalie Garita Kortscheff"},"image":{"@id":"https:\/\/nataliegk.com\/#\/schema\/logo\/image\/"}}]}},"jetpack_sharing_enabled":true,"_links":{"self":[{"href":"https:\/\/nataliegk.com\/index.php\/wp-json\/wp\/v2\/pages\/39","targetHints":{"allow":["GET"]}}],"collection":[{"href":"https:\/\/nataliegk.com\/index.php\/wp-json\/wp\/v2\/pages"}],"about":[{"href":"https:\/\/nataliegk.com\/index.php\/wp-json\/wp\/v2\/types\/page"}],"author":[{"embeddable":true,"href":"https:\/\/nataliegk.com\/index.php\/wp-json\/wp\/v2\/users\/1"}],"replies":[{"embeddable":true,"href":"https:\/\/nataliegk.com\/index.php\/wp-json\/wp\/v2\/comments?post=39"}],"version-history":[{"count":23,"href":"https:\/\/nataliegk.com\/index.php\/wp-json\/wp\/v2\/pages\/39\/revisions"}],"predecessor-version":[{"id":185,"href":"https:\/\/nataliegk.com\/index.php\/wp-json\/wp\/v2\/pages\/39\/revisions\/185"}],"wp:attachment":[{"href":"https:\/\/nataliegk.com\/index.php\/wp-json\/wp\/v2\/media?parent=39"}],"curies":[{"name":"wp","href":"https:\/\/api.w.org\/{rel}","templated":true}]}}